2)/(-40) - q)?
0
Suppose -255*c + 129064 = -238*c. What is the units digit of c?
2
Let y(x) = x**3 + 18*x**2 + 36*x + 315. Let r be y(-15). Let o = 304 - 175. Suppose o*n - 132*n + r = 0. What is the tens digit of n?
5
Suppose 0 = 5*s + 25, -5*v - 2*s = -17251 - 6159. What is the thousands digit of v?
4
Let o = -2726 - -1602. Let d be (-3 + 25/10)/((-2)/o). Let c = d + 406. What is the units digit of c?
5
Let a(i) = 10843*i**2 - 202*i + 203. What is the ten thousands digit of a(1)?
1
Suppose m + 12079 - 41563 = -i, 2*m = 4*i + 58986. What is the thousands digit of m?
9
Suppose 608 = k + 7*k. Suppose k*m - 3885 = 71*m. What is the hundreds digit of m?
7
Suppose -22*h + 101 + 9 = 0. What is the units digit of (12/(-1))/(3*h/(-310))?
8
Let p = -1091 + 669. Let h = -121 - p. What is the hundreds digit of h?
3
Suppose -f + 5*t = -4*f - 19, -4*t = -4*f + 28. Let k be (f - 36/15)*(-6 + 1). Suppose -k*y = y - 2*o - 561, -5*o = y - 170. What is the units digit of y?
5
Let t = -7952 + 14138. What is the hundreds digit of t?
1
Suppose 0 = s - 10 + 8. Suppose 14*q - 4068 = s*q. What is the units digit of (1 - 0 - q)*70/(-140)?
9
Suppose 25*q - 245847 = 158075 + 192578. What is the units digit of q?
0
Suppose -4*i = -6*i + 5*d + 45893, -91831 = -4*i - 5*d. What is the units digit of i?
4
Suppose -2*m = -5*m - 165. Let w = m - -56. What is the units digit of w?
1
Let i(n) = 86*n**2 + 640*n + 15. What is the tens digit of i(17)?
4
Let i = -130 + 252. Suppose 2*n = 4*w + i + 190, 5*n - 5*w - 790 = 0. What is the units digit of n?
0
Suppose -109*v = 24*v - 2396394. What is the tens digit of v?
1
Suppose -2*r - 119 = -601. Suppose 3*u - r = 29. Let p = 242 - u. What is the units digit of p?
2
Suppose 119995 = 13*o - 8*o. Suppose -46*f - o = -84627. What is the thousands digit of f?
1
Suppose -6*d = -5*o - 3*d - 319, -3*o - d = 197. Let z be (-162)/(-48) + -3 + 1030/(-16). Let s = z - o. What is the units digit of s?
1
What is the units digit of -9 + 10760 + (-36)/3?
9
Let f(s) = 13*s**3 - 138*s**2 + 38*s + 68. Let p(w) = -6*w**3 + 69*w**2 - 18*w - 34. Let u(g) = -3*f(g) - 7*p(g). What is the tens digit of u(23)?
1
What is the units digit of 1/3 + (-3941825)/(-435)?
2
Let x(m) = -2*m**3 - 7*m**2 - m - 4. Suppose 46 = 8*g + 6. Suppose 5 = g*h - 6*h. What is the tens digit of x(h)?
7
Suppose 0 = -5*k - 3359 + 459. Let f be k/(-16) - 1/4. Let q = 127 - f. What is the tens digit of q?
9
Let i = 2786 + 276. What is the units digit of i?
2
Suppose 10*d - 49 = 1. Suppose -3*w = -d*o + 39, -w - 3 = -0*w - 5*o. What is the units digit of (-2 - w/10) + (-4446)/(-30)?
8
What is the units digit of 153/(-3)*61264/(-84)?
6
Let j be 1/(((-3)/(-8))/3). Suppose -3*r - 220 = j*r. What is the units digit of (68/r - 1)/((-2)/5)?
1
Let h(b) = b**3 + 32*b**2 + 63*b + 92. Let i be h(-30). Let t be 4/(-18) + 2/9. Suppose -i*n + 103 + 61 = t. What is the units digit of n?
2
Let f(k) be the first derivative of k**3/3 - 5*k**2 + 19*k - 21. Let o be f(8). What is the units digit of 3 + 0 - (3 + (-222)/o)?
4
Let y be (1206/99 - 8) + 6/(-33). Suppose 1020 = 2*t + y*k, -5*k + 1525 = 3*t - 4*k. What is the units digit of t?
8
Suppose -4*h = 81*o - 77*o - 4364, 5*o = -h + 5475. What is the hundreds digit of o?
0
Let h(d) = 2*d**2 + 20*d + 68. Let y be h(-8). What is the units digit of (-3)/((y/(-1424))/9)?
8
Suppose -5*w + 2*p = 25, -2*w - 3*p + 6 = -3. What is the units digit of (2 - (1 - 2))/((-1)/w)?
9
Let n = -5772 + 10288. What is the tens digit of n?
1
Let x(k) = 3*k**2 + 62*k - 20. Let b be x(-21). Suppose -b = -3*y + 2. What is the tens digit of -11*(y - -84)/(-5)?
8
Suppose 884*w = 841*w + 2304026. What is the tens digit of w?
8
Let j(o) = -o**3 + 6*o**2 - 4*o + 18. Let k be j(6). Let h(g) = -3*g**3 - 9*g**2 - 11*g - 35. What is the units digit of h(k)?
5
Let c(t) = t**3 - 30*t**2 + 28*t + 35. Let j be c(29). What is the units digit of 1216/(-10)*(-15)/j?
4
Let p be (5 + -20)*8/6. Let n(x) = -11 + 2*x**2 + 0*x**2 + 0*x**2 + 28*x. What is the units digit of n(p)?
9
Let m(y) = -y**3 - 74*y**2 + 322*y - 199. What is the tens digit of m(-80)?
4
Suppose 2*n - 392*u + 393*u - 31043 = 0, 0 = -n + 2*u + 15539. What is the tens digit of n?
2
Let h(x) = x**3 + 5*x**2 + 2. Let b be h(-5). Suppose w + 3 = b*u, 6*w - 7*w = -u. Suppose 467 = 5*j + 2*s + 29, 2*j = u*s + 160. What is the units digit of j?
6
Suppose -22*j = 12*j - 38*j + 25040. What is the units digit of j?
0
Let h(k) = -k**3 - 16*k**2 + 11*k + 9. Suppose 0 = 3*p - 5*c + 145, -2*c - 6 = 2. Let a = 38 + p. What is the units digit of h(a)?
1
Suppose 3*x + 11084 = 6*f - 4*f, -5529 = -f - 5*x. What is the units digit of f?
9
Suppose 3*u - 4989 = h, h = 2*u + 6*h - 3343. What is the hundreds digit of u?
6
Suppose -3*t + 3*k = 2706, -35*t + 3*k = -31*t + 3612. Let w = t - -1194. What is the tens digit of w?
8
Suppose 60*q - 54*q = 522. Let u = 94 - q. What is the tens digit of -1 + 170/14 - 1/u?
1
Let f(s) = 156*s + 7583. What is the units digit of f(0)?
3
Suppose 22 = -17*w + 18*w. Suppose 18102 + 1170 = w*l. What is the units digit of l?
6
Let k(i) = 1 + i**2 - i - 6*i**3 + 0*i**3 + i**3. Suppose 2*j + 230 = 2*c + 244, 2*j = 4*c + 18. What is the units digit of k(c)?
7
Let q = -58 + 60. Let t(y) = 0*y + y - 2*y + y**3 - 985*y**2 - 3 + 996*y**q. What is the tens digit of t(-8)?
9
Let l = 42883 + 15962. What is the tens digit of l?
4
Suppose 14925 = 21*l - 91125. What is the hundreds digit of l?
0
Let b be ((-72)/(-21))/((-6)/21). Let z(q) = -32*q - 39. What is the hundreds digit of z(b)?
3
Let y(d) = -5*d + 123. Let p be y(20). Let a(h) = -h**2 + 19*h + 120. What is the tens digit of a(p)?
2
Let h be (-3 - -1)*18547/(-34). Suppose 5*x - h = 1129. What is the tens digit of x?
4
Suppose 19*h = -110529 + 376871. What is the thousands digit of h?
4
Let d(n) = -n + 5. Let k be d(4). Suppose -43*q - 266 = -38*q - 3*m, -2*q = -4*m + 112. What is the units digit of (q/(-39))/(244/(-246) + k)?
4
Let s(g) = -31*g**2 + 7*g + 39240. What is the hundreds digit of s(0)?
2
Suppose 0 = -9*i + 14*i - 2*n - 14, 4*n - 4 = 2*i. Suppose 0 = z + 1 - 2, 0 = i*t + 3*z - 339. What is the units digit of t?
4
Suppose 0 = -3*z + 727 + 83. Let m = z + 732. What is the units digit of m?
2
Let k(z) = 11*z**2 - 53*z + 271. What is the hundreds digit of k(-23)?
3
What is the hundreds digit of (2048/(-12))/((-14)/(-36) + (-2)/4)?
5
Let y(w) = -4*w - 40. Let p be y(-26). Let a = p + -63. What is the units digit of (18/(-54))/(a/(-6))?
2
Let h(v) be the third derivative of -53*v**4/24 + 133*v**3/3 - 57*v**2. What is the tens digit of h(-12)?
0
Let v(l) = -l**3 + 25*l**2 - 11*l + 9. Suppose -4*g = 3*i - 72, 4*g = 8*g - i - 88. What is the hundreds digit of v(g)?
5
Let r = 23085 + -15742. What is the hundreds digit of r?
3
Let k = 99 + 20. Let s = -74 + k. What is the hundreds digit of s/((10/15)/2)?
1
Suppose 1 = -2*q + 5. What is the hundreds digit of q/(6/3) + -12 + 779?
7
What is the thousands digit of 35300/15 + -1 + 4/6?
2
Suppose 1027599 = 847*t + 790*t - 1586*t. What is the thousands digit of t?
0
Suppose 4*j = -3*n + 54068, -n = 2 + 2. What is the units digit of j?
0
Let x = 5513 + -2988. What is the tens digit of x?
2
Let x(m) = -9*m + 143. Let b be x(-6). Suppose w - 467 = -2*v, w - 274 - b = -4*v. What is the tens digit of w?
6
Let z(m) = m**3 - 25*m**2 + 44*m + 46. Let l be z(23). Suppose -k + 5*i + 805 = l, -5*i - 4738 = -5*k - 633. What is the hundreds digit of k?
8
Suppose 2*r - 39259 = -3*o + 91043, -3*r = 2*o - 86873. What is the tens digit of o?
3
Suppose -4*c = -3*f + 218, 3*f = f + 3*c + 145. Suppose -h + 0*h + 76 = 3*v, -h = 2*v - f. What is the units digit of h?
0
Suppose -3*v = -40 + 19. Suppose v*p - 11 = 3. Suppose 2*w = p*d - 76, w + 2*w = 2*d - 77. What is the units digit of d?
7
Suppose 14*h - 16*h + 45*h = 86688. What is the tens digit of h?
1
Let o(g) = 54*g - 11. Let a(l) = 3*l - 14. Let u = 94 - 88. Let m be a(u). What is the hundreds digit of o(m)?
2
Let c(r) = 2*r - 27. Let d(z) = 5*z + 14. Let i be d(0). Let n be c(i). What is the units digit of (-7134)/(-54) + n/(-9)?
2
Suppose -f - 8*f - 6*f = 0. Suppose -5*z + 63 + 102 = f. What is the tens digit of z?
3
Let v(i) = i**2 - 8*i + 12. Let f be v(7). Suppose c + 1218 = 3*o - 687, -5*o + 3